{"id":26,"date":"2018-06-01T14:39:16","date_gmt":"2018-06-01T14:39:16","guid":{"rendered":"http:\/\/karina.dressel-einrichtungen.de\/?page_id=26"},"modified":"2025-06-02T13:48:38","modified_gmt":"2025-06-02T13:48:38","slug":"leistungen-und-preise","status":"publish","type":"page","link":"https:\/\/www.karina-fusspflege.com\/?page_id=26","title":{"rendered":"Meine Leistungen im \u00dcberblick"},"content":{"rendered":"<p>Von der Fu\u00dfpflege bis zu erholsamen Massage Ihrer F\u00fc\u00dfe. Ich verw\u00f6hne Sie gerne rundum und lasse jede Behandlung Ihrer F\u00fc\u00dfe zu einem unvergesslichen Erlebnis werden.<br \/>\n<strong>Sie w\u00fcnschen eine individuelle Beratung ?<br \/>\n<\/strong>Rufen Sie mich einfach an unter 0151\/ 22314814.<\/p>\n<h2>Ich biete unter anderem folgende Leistungen an:<\/h2>\n<p><em>Das <a href=\"https:\/\/www.onyfix.com\/de-de\/\">ONYFIX<\/a><sup>\u00a0<\/sup>Nagelkorrektur-<\/em><\/p>\n<figure style=\"width: 300px\" class=\"wp-caption alignright\"><img loading=\"lazy\" class=\"size-medium\" src=\"https:\/\/www.onyfix.com\/fileadmin\/user_upload\/DE-DE\/Onyfix\/content\/onyfix-nagelkorrektursystem-start.jpg\" alt=\"Onyfix Nagelkorrektursystem\" width=\"300\" height=\"220\" \/><figcaption class=\"wp-caption-text\">Onyfix Nagelkorrektursystem<em style=\"font-size: inherit;\">system<\/em><\/figcaption><\/figure>\n<p><em>schmerzfrei, individuell und innovativ\u00a0 <\/em><strong>40,00 \u20ac<\/strong><\/p>\n<p><em>Fachfu\u00dfpflege inkl. Fu\u00dfbad und Fu\u00dfmassage<\/em>\u00a0\u00a0<strong>30,00 \u20ac<\/strong><\/p>\n<p><em>Fu\u00dfmassage separat (ohne Fachfu\u00dfpflege)<\/em>\u00a0\u00a0<strong>28,00 \u20ac<\/strong><\/p>\n<p><em>Fu\u00dfn\u00e4gel lackieren<\/em>\u00a0\u00a0<strong>13,00 \u20ac<\/strong><\/p>\n<p><em>Fu\u00dfpeeling in Verbindung mit Fachfu\u00dfpflege<\/em>\u00a0\u00a0<strong>13,00 \u20ac<\/strong><\/p>\n<p>Alle Leistungen k\u00f6nnen Sie auch als\u00a0<a href=\"http:\/\/www.karina-fusspflege.com\/gutscheine\">Gutschein<\/a>\u00a0verschenken!<\/p>\n<div id='gallery-1' class='gallery galleryid-26 gallery-columns-2 gallery-size-full'><figure class='gallery-item'>\n\t\t\t<div class='gallery-icon landscape'>\n\t\t\t\t<a href='https:\/\/www.karina-fusspflege.com\/wp-content\/uploads\/2018\/06\/allpresan.png'><img width=\"300\" height=\"109\" src=\"https:\/\/www.karina-fusspflege.com\/wp-content\/uploads\/2018\/06\/allpresan.png\" class=\"attachment-full size-full\" alt=\"\" loading=\"lazy\" \/><\/a>\n\t\t\t<\/div><\/figure><figure class='gallery-item'>\n\t\t\t<div class='gallery-icon portrait'>\n\t\t\t\t<a href='https:\/\/www.karina-fusspflege.com\/wp-content\/uploads\/2019\/12\/158011.png'><img width=\"352\" height=\"600\" src=\"https:\/\/www.karina-fusspflege.com\/wp-content\/uploads\/2019\/12\/158011.png\" class=\"attachment-full size-full\" alt=\"\" loading=\"lazy\" srcset=\"https:\/\/www.karina-fusspflege.com\/wp-content\/uploads\/2019\/12\/158011.png 352w, https:\/\/www.karina-fusspflege.com\/wp-content\/uploads\/2019\/12\/158011-176x300.png 176w\" sizes=\"(max-width: 352px) 100vw, 352px\" \/><\/a>\n\t\t\t<\/div><\/figure>\n\t\t<\/div>\n\n","protected":false},"excerpt":{"rendered":"<p>Von der Fu\u00dfpflege bis zu erholsamen Massage Ihrer F\u00fc\u00dfe. Ich verw\u00f6hne Sie gerne rundum und lasse jede Behandlung Ihrer F\u00fc\u00dfe zu einem unvergesslichen Erlebnis werden. Sie w\u00fcnschen eine individuelle Beratung ? Rufen Sie mich einfach an unter 0151\/ 22314814. Ich&#8230;<\/p>\n","protected":false},"author":1,"featured_media":0,"parent":0,"menu_order":0,"comment_status":"closed","ping_status":"closed","template":"","meta":[],"_links":{"self":[{"href":"https:\/\/www.karina-fusspflege.com\/index.php?rest_route=\/wp\/v2\/pages\/26"}],"collection":[{"href":"https:\/\/www.karina-fusspflege.com\/index.php?rest_route=\/wp\/v2\/pages"}],"about":[{"href":"https:\/\/www.karina-fusspflege.com\/index.php?rest_route=\/wp\/v2\/types\/page"}],"author":[{"embeddable":true,"href":"https:\/\/www.karina-fusspflege.com\/index.php?rest_route=\/wp\/v2\/users\/1"}],"replies":[{"embeddable":true,"href":"https:\/\/www.karina-fusspflege.com\/index.php?rest_route=%2Fwp%2Fv2%2Fcomments&post=26"}],"version-history":[{"count":17,"href":"https:\/\/www.karina-fusspflege.com\/index.php?rest_route=\/wp\/v2\/pages\/26\/revisions"}],"predecessor-version":[{"id":163,"href":"https:\/\/www.karina-fusspflege.com\/index.php?rest_route=\/wp\/v2\/pages\/26\/revisions\/163"}],"wp:attachment":[{"href":"https:\/\/www.karina-fusspflege.com\/index.php?rest_route=%2Fwp%2Fv2%2Fmedia&parent=26"}],"curies":[{"name":"wp","href":"https:\/\/api.w.org\/{rel}","templated":true}]}}